2547 is divided by 775.
72
Calculate the remainder when 238 is divided by 68.
34
Calculate the remainder when 7181 is divided by 19.
18
Calculate the remainder when 6580 is divided by 164.
20
Calculate the remainder when 117665 is divided by 403.
392
What is the remainder when 17133 is divided by 42?
39
What is the remainder when 158244 is divided by 151?
147
What is the remainder when 1208 is divided by 7?
4
Calculate the remainder when 19233 is divided by 9515.
203
Calculate the remainder when 5349 is divided by 792.
597
Calculate the remainder when 1253 is divided by 613.
27
What is the remainder when 6344 is divided by 489?
476
What is the remainder when 807933 is divided by 192?
189
Calculate the remainder when 406345 is divided by 226.
223
Calculate the remainder when 1972 is divided by 134.
96
What is the remainder when 45618 is divided by 354?
306
What is the remainder when 17302 is divided by 8647?
8
What is the remainder when 11016485 is divided by 81?
80
Calculate the remainder when 160079 is divided by 160069.
10
What is the remainder when 19765 is divided by 25?
15
What is the remainder when 3272 is divided by 536?
56
Calculate the remainder when 27633 is divided by 141.
138
What is the remainder when 34014 is divided by 81?
75
Calculate the remainder when 62050 is divided by 15508.
18
Calculate the remainder when 36836 is divided by 18418.
0
What is the remainder when 5745 is divided by 102?
33
What is the remainder when 443769 is divided by 2580?
9
What is the remainder when 70227 is divided by 194?
193
What is the remainder when 3803987 is divided by 190?
187
Calculate the remainder when 13603 is divided by 126.
121
What is the remainder when 5995 is divided by 300?
295
Calculate the remainder when 9272 is divided by 1034.
1000
What is the remainder when 1814 is divided by 3?
2
What is the remainder when 232260 is divided by 8?
4
What is the remainder when 73979 is divided by 71?
68
Calculate the remainder when 328712 is divided by 1588.
1584
What is the remainder when 65200 is divided by 238?
226
Calculate the remainder when 21780 is divided by 4351.
25
What is the remainder when 21800 is divided by 5234?
864
Calculate the remainder when 1799 is divided by 290.
59
Calculate the remainder when 10864 is divided by 2714.
8
What is the remainder when 7200 is divided by 35?
25
What is the remainder when 57321 is divided by 204?
201
What is the remainder when 1818 is divided by 31?
20
What is the remainder when 596969 is divided by 99?
98
What is the remainder when 4376 is divided by 1454?
14
Calculate the remainder when 721132 is divided by 1165.
1162
What is the remainder when 122242 is divided by 750?
742
What is the remainder when 31997 is divided by 40?
37
Calculate the remainder when 68935 is divided by 6264.
31
Calculate the remainder when 772105 is divided by 17.
16
Calculate the remainder when 2016 is divided by 366.
186
What is the remainder when 8516 is divided by 53?
36
What is the remainder when 5438758 is divided by 366?
364
Calculate the remainder when 2218436 is divided by 12.
8
Calculate the remainder when 22436 is divided by 17.
13
Calculate the remainder when 290078 is divided by 96692.
2
Calculate the remainder when 230642 is divided by 41.
17
What is the remainder when 30046 is divided by 550?
346
What is the remainder when 13912 is divided by 979?
206
What is the remainder when 12541 is divided by 24?
13
Calculate the remainder when 297025 is divided by 27.
25
Calculate the remainder when 4204 is divided by 1037.
56
Calculate the remainder when 65142 is divided by 154.
0
Calculate the remainder when 4534 is divided by 107.
40
What is the remainder when 32769 is divided by 16318?
133
Calculate the remainder when 6611 is divided by 52.
7
Calculate the remainder when 21748 is divided by 121.
89
What is the remainder when 40521 is divided by 795?
771
Calculate the remainder when 8418 is divided by 647.
7
What is the remainder when 1543310 is divided by 156?
2
What is the remainder when 132367 is divided by 7?
4
Calculate the remainder when 2306 is divided by 1110.
86
Calculate the remainder when 84470 is divided by 456.
110
What is the remainder when 16713 is divided by 14?
11
Calculate the remainder when 15633 is divided by 1225.
933
What is the remainder when 1235 is divided by 207?
200
What is the remainder when 1924227 is divided by 1122?
1119
Calculate the remainder when 460 is divided by 118.
106
Calculate the remainder when 61693 is divided by 26.
21
What is the remainder when 620122 is divided by 55?
52
Calculate the remainder when 121950 is divided by 20323.
12
Calculate the remainder when 68539 is divided by 152.
139
What is the remainder when 6241 is divided by 1940?
421
What is the remainder when 55906 is divided by 2343?
2017
What is the remainder when 123107 is divided by 9?
5
What is the remainder when 4744 is divided by 1568?
40
What is the remainder when 34102 is divided by 1271?
1056
Calculate the remainder when 56453 is divided by 731.
166
What is the remainder when 1414 is divided by 5?
4
Calculate the remainder when 2201671 is divided by 175.
171
Calculate the remainder when 780297 is divided by 153.
150
What is the remainder when 39970 is divided by 12?
10
Calculate the remainder when 1540 is divided by 100.
40
What is the remainder when 3216 is divided by 3212?
4
What is the remainder when 15399 is divided by 18?
9
What is the remainder when 50808 is divided by 1016?
8
Calculate the remainder when 4949 is divided by 1626.
71
Calculate the remainder when 3437 is divided by 312.
5
Calculate the remainder when 246028 is divided by 1155.
13
What is the remainder when 25903 is divided by 889?
122
What is the remainder when 807343 is divided by 35?
33
What is the remainder when 2388 is divided by 87?
39
Calculate the remainder when 1701 is divided by 72.
45
What is the remainder when 194271 is divided by 32378?
3
What is the remainder when 54015 is divided by 439?
18
Calculate the remainder when 23246 is divided by 2324.
6
Calculate the remainder when 18184 is divided by 754.
88
What is the remainder when 4268 is divided by 47?
38
Calculate the remainder when 413619 is divided by 13.
11
Calculate the remainder when 118333 is divided by 16.
13
What is the remainder when 11287 is divided by 181?
65
What is the remainder when 341075 is divided by 1111?
1109
What is the remainder when 432702 is divided by 18029?
6
Calculate the remainder when 3564 is divided by 102.
96
Calculate the remainder when 278406 is divided by 25307.
29
What is the remainder when 2549 is divided by 646?
611
What is the remainder when 68096 is divided by 311?
298
What is the remainder when 55739 is divided by 18574?
17
Calculate the remainder when 795 is divided by 393.
9
What is the remainder when 251301 is divided by 9665?
11
What is the remainder when 114599 is divided by 15?
14
What is the remainder when 932312 is divided by 28?
24
Calculate the remainder when 40512 is divided by 28.
24
Calculate the remainder when 1215 is divided by 772.
443
Calculate the remainder when 39080 is divided by 39071.
9
Calculate the remainder when 18986 is divided by 1248.
266
Calculate the remainder when 1941699 is divided by 24.
3
Calculate the remainder when 12643 is divided by 1053.
7
Calculate the remainder when 131320 is divided by 469.
0
Calculate the remainder when 88610 is divided by 1151.
1134
What is the remainder when 58487 is divided by 340?
7
What is the remainder when 312617 is divided by 2501?
2493
What is the remainder when 48268 is divided by 47?
46
Calculate the remainder when 866686 is divided by 732.
730
Calculate the remainder when 433 is divided by 76.
53
Calculate the remainder when 547 is divided by 24.
19
Calculate the remainder when 13033 is divided by 255.
28
What is the remainder when 16122 is divided by 8045?
32
What is the remainder when 755383 is divided by 376?
375
Calculate the remainder when 8927 is divided by 12.
11
Calculate the remainder when 156397 is divided by 16.
13
Calculate the remainder when 62508 is divided by 1092.
264
Calculate the remainder when 32075 is divided by 102.
47
What is the remainder when 3732 is divided by 50?
32
What is the remainder when 248869 is divided by 616?
5
What is the 